 - 13 = h. Is f a composite number?
False
Let n = -120 - -206. Let j = n + -39. Is j a composite number?
False
Is (-5)/20 + (-2349)/(-4) composite?
False
Is 209 - (-5 - (-3 - 0)) composite?
False
Let l(c) = 2*c + 0 - c + 0 + c**2. Let z be l(1). Suppose -5*x + 63 = -z. Is x a composite number?
False
Let l(f) = f**2 - 9*f - 7. Let a = -11 + 21. Is l(a) a prime number?
True
Let y be (-2)/(3 - 2)*-1. Let q(g) = 13*g**2 - 1. Is q(y) a prime number?
False
Let d(s) = -5*s + 1. Let a be d(-1). Is (-3 - -1)*(-1179)/a composite?
True
Suppose 10 = -8*t + 50. Let h(r) = r**3 - 4*r**2 + 8. Is h(t) a composite number?
True
Let u = -62 - -99. Is u a prime number?
True
Suppose -z + 6*z = 3990. Let c = -424 + z. Let t = -229 + c. Is t a prime number?
False
Let k = -21 + 67. Suppose r - k = -0. Is r composite?
True
Is 0 + (13 - -1) + 1 a composite number?
True
Is 2904/6 - (-2 - 1) prime?
True
Let m(s) = s**3 - 4*s**2 - 4*s - 1. Let y be m(5). Let r(d) = 31*d - 5. Is r(y) a composite number?
True
Let l(a) = 24*a + 4 + 10*a - 7. Let s(d) = d + 10. Let m be s(-6). Is l(m) composite?
True
Suppose -3*a + 15 = 2*h, 5 = 2*h + h + a. Suppose m + 4 = h, 62 = i - 4*m - 13. Is i composite?
False
Suppose 12 = g - 5*x, -3*x = 4*g + x. Suppose -g*b + 458 = -608. Is b prime?
False
Suppose -3*q + 3*a = 3 + 3, 0 = -2*q - 3*a + 21. Suppose -3*k - q = -66. Is k a prime number?
False
Suppose 0 = -4*z + 8*z - 16. Is 0 - z/((-16)/1796) a composite number?
False
Suppose 103 = p - 211. Is p composite?
True
Suppose 2*s + h + 560 = -3*h, 3*s = -h - 820. Let w = s - -741. Is w prime?
False
Let z(p) = -64*p + 6. Is z(-5) prime?
False
Let i(z) = z**3 - 4*z**2 + 5*z - 4. Let d be i(3). Suppose 0 = -0*o - 2*o + 4. Suppose t - 65 = -o*t + 5*n, -3*n - 42 = -d*t. Is t prime?
False
Let j(m) = m**3 - 10*m**2 + 12*m + 8. Let x = -11 + 20. Is j(x) a composite number?
True
Let g be -1 - -4 - (-4 - -5). Let i be 196/8*(-1 + 3). Suppose 0 = g*w - w - i. Is w a prime number?
False
Suppose 7 = 4*t - 1. Suppose -5*h + 10 = t*j - 4, 4 = -2*h. Suppose -18 - j = -3*z. Is z prime?
False
Let f = -8 + 12. Let l = -3 + f. Is 36 - (0/(-1) + l) prime?
False
Let n(l) = 37*l - 3. Let m be n(2). Suppose -4*u + m = 5*s - 4*s, 2*s - 4*u - 178 = 0. Is s a prime number?
True
Suppose 0 = 2*u + 2*q - 988, 3*u + 2*q = 4*q + 1477. Is u a prime number?
False
Let b(q) = 3941*q**2 - 3*q - 1. Is b(-1) a prime number?
True
Suppose -5*y = 3*s - 44, 0 = -y + 3*s - 1 - 1. Let a = 134 - y. Is a composite?
False
Let f(z) = 26*z**2 - 3*z + 17. Is f(8) composite?
False
Let n(w) = -2*w + 48 + 29 + w. Let m(p) = -p**3 - 10*p**2 + p + 10. Let r be m(-10). Is n(r) a prime number?
False
Let x(j) = 6*j - 1. Let m = -1 + 3. Let q be x(m). Suppose -4*h - 3*a = -7 - q, 4*h - a = 26. Is h a composite number?
True
Is (-251)/(0 + 3 + -4) composite?
False
Let i = 23 - 13. Suppose 0 = 5*p - 3*p + i, 2*a - 300 = 2*p. Is a a prime number?
False
Suppose 3*g - 6*g + 18 = 0. Suppose 2*b - 260 = -3*d, 5*b + 5*d = g*b - 117. Is b composite?
False
Suppose -c + 4*l = -1, -2*l - 17 = -3*c - 4*l. Suppose 2*q - 11 = 4*a + 9, -c*q + 3*a = -36. Is 1/3 + 274/q prime?
False
Suppose 0*s = 5*s - 40. Suppose 4*b - s*b = -60. Is 7*b/6*2 a composite number?
True
Let c(d) = 125*d + 37. Is c(6) a composite number?
False
Let b be (-141)/(-27) + 8/(-36). Suppose -n - 4*n + 49 = -3*m, b*n - 63 = -4*m. Is n a composite number?
False
Let r = 14 + -13. Is (-1 - r)/(18/(-1143)) a prime number?
True
Suppose p + 45 = -15. Let a be ((-2)/(-5))/((-1)/p). Let q = 43 - a. Is q a prime number?
True
Suppose -2*x + 5*x = 3. Let r be (-3 + -2)/(-1*x). Suppose -5*i = -r*j + 275, -j + i + 214 = 3*j. Is j composite?
False
Suppose 2*z + 80 = 4*u, -1 - 1 = z. Is u a prime number?
True
Suppose -3*g = -205 - 296. Is g a composite number?
False
Let k(l) = l**3. Let i be k(1). Is (0 + i - 78)/(-1) prime?
False
Suppose m = 2*s - 0*m - 1265, 2521 = 4*s + m. Is s a prime number?
True
Let u = -2 + 5. Suppose 18 = r + u*o - 0, 5*r = o + 106. Is r a prime number?
False
Let z(u) = u + 4. Let v be z(-3). Suppose -4*m + v = -5*n, 4 = -3*m + 16. Suppose n*r = 176 + 115. Is r a composite number?
False
Is (0 + 3 - 2)*917 a composite number?
True
Suppose 7*c = 2*c + 20. Suppose 5*z - i - 45 = 0, -c - 51 = -5*z - i. Is (7 + -4)/(3/z) composite?
True
Is (15/(-9) - -2)*165 prime?
False
Let x(f) = 165*f - 2. Is x(1) a prime number?
True
Suppose 4*n - z = 24, 0*z = n - 2*z - 6. Let a be 8/6*n/1. Let k(g) = 2*g - 6. Is k(a) prime?
False
Let x(i) = -88*i + 17. Is x(-7) prime?
False
Let i be -2 + 1/2*-6. Is i/10*(2 + -576) composite?
True
Suppose 0 = -188*i + 191*i - 1959. Is i a composite number?
False
Let r = 0 - -4. Let j be (-1)/(-3)*r*3. Suppose 58 = j*i - 298. Is i composite?
False
Let k be 8533/(-42) - 1/(-6). Let c = k + 300. Is c prime?
True
Suppose -4*w = -8*w + o + 148, 4*w + 5*o = 172. Is w prime?
False
Let c(h) = -h**3 + 8*h**2 + 8*h + 12. Let d be c(9). Suppose -2*n - 396 = -4*s, s - d*n - 206 = -s. Is s prime?
True
Suppose 0 = 3*m - 4*s - 0 + 16, -2*m - 26 = 5*s. Let y(q) = -2*q**2 + 11*q + 1. Let l(x) = 1. Let z(u) = -4*l(u) - y(u). Is z(m) a composite number?
False
Suppose 3*h + 4*t - 741 = 1366, -3*t + 2807 = 4*h. Is h prime?
True
Let z be 311*1*(0 - 1). Let l = -375 + 173. Let b = l - z. Is b prime?
True
Suppose -18*y + 2222 = -16*y. Is y a composite number?
True
Let w(c) = c**3 - 6*c**2 - 8*c. Let v be w(7). Let t be (8/2)/(1/v). Is 4/(-14) + (-1492)/t prime?
True
Let f be (-1 + 31)*8/20. Suppose -4*h - 649 = -3*c, 6*h = 3*h - f. Is c composite?
False
Let l(w) = -6*w - 1. Suppose 3*f - f + 8 = 0. Is l(f) a prime number?
True
Let q(p) = 5*p - 2*p**2 - 4*p**2 + 5*p**2 + 1. Let a be q(4). Suppose a*x - 1 = 154. Is x composite?
False
Let m = 2846 + -2029. Is m a prime number?
False
Let r(i) = 890*i. Let q be r(1). Suppose -4*m = -q - 594. Is m composite?
True
Let l(s) = s**2 + 3*s. Let p(j) = -3*j**2 + j. Let d(b) = -b**2 + 6*b + 6. Let x be d(7). Let a be p(x). Is l(a) prime?
False
Let m be 1/2 + (-9)/(-6). Let u = -10 + 12. Suppose 0 = 5*f - u*x - x - 266, m*x - 171 = -3*f. Is f a prime number?
False
Let h(c) = -37*c + 70. Is h(-7) prime?
False
Suppose -8 = -p - 1. Suppose 0 = p*q - 4*q. Suppose q = -5*o - 17 + 87. Is o a prime number?
False
Let l = 11 + -1. Let c = l + -6. Suppose 2*g + 2*t = -g + 137, -182 = -c*g - 3*t. Is g a composite number?
False
Let i = -1 - -5. Suppose -3*p + 5*y - 57 = 0, -3*p = -2*p + i*y + 19. Let r = -4 - p. Is r a prime number?
False
Let p(x) = -x + 6. Let g be p(0). Suppose -g*d + d = 0. Suppose j - 5*y + 7 = d, -j = 3*y - 8 - 17. Is j a composite number?
False
Let h be 2/(-4)*10*-12. Suppose 208 - h = 4*u. Is u composite?
False
Let l = 264 + -146. Is l composite?
True
Suppose 8*c - 10*c + 382 = 0. Is c composite?
False
Let p = 3 + 18. Is p prime?
False
Let f(d) = -d**3 + d**2 + d - 1. Let h be f(2). Let g(b) = -15*b + 6. Is g(h) composite?
True
Suppose 2*i + 9 = -i, -2*j + 3*i + 17 = 0. Let r = j - 2. Suppose 0 = 5*g + 15, -r*t = 3*g - 113 + 24. Is t prime?
False
Let i = 14 + -14. Suppose 3*w + 551 = 4*t - 314, -5*t + w + 1084 = i. Is t prime?
False
Let w(z) = -13*z**3 + 0*z + 0*z**2 - z - 2*z**2 - 1. Let m be w(-2). Suppose -2*k - 3*c = 2*k - m, -2*k = -5*c - 29. Is k prime?
False
Let d be 0*(1 - (-9)/(-6)). Suppose d = -4*c + 4*u - 77 + 801, -169 = -c - 3*u. Is c composite?
True
Let m(l) = 10*l + 2. Let r be m(-3). Let q be r/(-36) + (-2)/(-9). Is (-2)/q*265/(-10) prime?
True
Let n be ((-4)/(-3))/(5/(-15)). Let j(c) = -c**3 - 2*c**2 + 6*c + 2. Is j(n) prime?
False
Let z = -8 + 13. Let g(a) = a**3 - 4*a**2 - 4*a + 7. Let i be g(z). Let o = i + 7. Is o a prime number?
True
Suppose 0*i = -i + 6. Let q(l) = 1 - 6*l + 4*l - 7*l - i*l. Is q(-2) prime?
True
Let t = 1189 + -476. Let z = -420 + t. Is z a prime number?
True
Suppose 29*c - 25*c = 380. Is c prime?
False
Let j be 3/(-1 + 2) + 0. Is 0 - j - (3 - 28) a prime number?
False
Suppose 3*o - 30 - 33 = 0. Is o prime?
False
Let t = -1 - -3. Suppose -8 - t = -5*d. Suppose 0 = d*b + 2*b - 236. Is b composite?
False
Suppose -6*d + 9907 = -16055. Is d a composite number?
False
Let q be ((-66)/15)/(1/5). Let n = 213 + q. Is n a prime number?
True
Suppose -3*c + 3 = -0*c. Let i be 0 + (2 - (-1 + c)). Suppose -3*r = i*h - 2